{"id":7253,"date":"2026-03-10T08:18:54","date_gmt":"2026-03-10T07:18:54","guid":{"rendered":"https:\/\/filmenlanguedoc.com\/?post_type=mec-events&#038;p=7253"},"modified":"2026-03-10T08:18:56","modified_gmt":"2026-03-10T07:18:56","slug":"nouvelle-annee-nouvelles-rencontres-fel","status":"publish","type":"mec-events","link":"https:\/\/filmenlanguedoc.com\/index.php\/events\/nouvelle-annee-nouvelles-rencontres-fel\/","title":{"rendered":"Nouvelle ann\u00e9e, nouvelles rencontres FEL"},"content":{"rendered":"\n<p>Cette ann\u00e9e, nous lan\u00e7ons une s\u00e9rie de rencontres mensuelles afin de favoriser les \u00e9changes entre les professionnels du r\u00e9seau, dans un lieu d\u00e9di\u00e9.<\/p>\n\n\n\n<p>Ces rendez-vous seront des moments conviviaux pour se retrouver entre technicien\u00b7nes et professionnel\u00b7les de l\u2019audiovisuel, \u00e9changer autour de nos m\u00e9tiers, partager nos exp\u00e9riences et mieux accueillir les nouveaux adh\u00e9rents au sein du r\u00e9seau.<\/p>\n\n\n\n<p>\u00c0 partir du mois d\u2019avril, nous proposerons \u00e9galement, pour la premi\u00e8re fois, des tables rondes autour des diff\u00e9rents m\u00e9tiers de l\u2019audiovisuel, ainsi que des temps d\u2019\u00e9change et d\u2019information sur le statut de l\u2019intermittence.<\/p>\n\n\n\n<p>La premi\u00e8re rencontre aura lieu :<\/p>\n\n\n\n<p>\ud83d\udccd La Gerbe \u2013 Montpellier<\/p>\n\n\n\n<p>\ud83d\udcc5 Lundi 16 mars<\/p>\n\n\n\n<p>\ud83d\udd56 De 19h \u00e0 22h<\/p>\n\n\n\n<p>Nous esp\u00e9rons vous y voir nombreux pour ce moment d\u2019\u00e9change et de convivialit\u00e9.<\/p>\n","protected":false},"excerpt":{"rendered":"<p>Cette ann\u00e9e, nous lan\u00e7ons une s\u00e9rie de rencontres mensuelles afin de favoriser les \u00e9changes entre les professionnels du r\u00e9seau, dans un lieu d\u00e9di\u00e9. Ces rendez-vous seront des moments conviviaux pour se retrouver entre technicien\u00b7nes et professionnel\u00b7les de l\u2019audiovisuel, \u00e9changer autour de nos m\u00e9tiers, partager nos exp\u00e9riences et mieux accueillir les nouveaux adh\u00e9rents au sein du [&hellip;]<\/p>\n","protected":false},"author":2,"featured_media":0,"comment_status":"closed","ping_status":"closed","template":"","meta":{"_et_pb_use_builder":"off","_et_pb_old_content":"","_et_gb_content_width":""},"tags":[],"mec_category":[],"class_list":["post-7253","mec-events","type-mec-events","status-publish","hentry"],"yoast_head":"<!-- This site is optimized with the Yoast SEO plugin v26.9 - https:\/\/yoast.com\/product\/yoast-seo-wordpress\/ -->\n<title>Nouvelle ann\u00e9e, nouvelles rencontres FEL - Film en Languedoc Occitanie<\/title>\n<meta name=\"robots\" content=\"index, follow, max-snippet:-1, max-image-preview:large, max-video-preview:-1\" \/>\n<link rel=\"canonical\" href=\"https:\/\/filmenlanguedoc.com\/index.php\/events\/nouvelle-annee-nouvelles-rencontres-fel\/\" \/>\n<meta property=\"og:locale\" content=\"fr_FR\" \/>\n<meta property=\"og:type\" content=\"article\" \/>\n<meta property=\"og:title\" content=\"Nouvelle ann\u00e9e, nouvelles rencontres FEL - Film en Languedoc Occitanie\" \/>\n<meta property=\"og:description\" content=\"Cette ann\u00e9e, nous lan\u00e7ons une s\u00e9rie de rencontres mensuelles afin de favoriser les \u00e9changes entre les professionnels du r\u00e9seau, dans un lieu d\u00e9di\u00e9. Ces rendez-vous seront des moments conviviaux pour se retrouver entre technicien\u00b7nes et professionnel\u00b7les de l\u2019audiovisuel, \u00e9changer autour de nos m\u00e9tiers, partager nos exp\u00e9riences et mieux accueillir les nouveaux adh\u00e9rents au sein du [&hellip;]\" \/>\n<meta property=\"og:url\" content=\"https:\/\/filmenlanguedoc.com\/index.php\/events\/nouvelle-annee-nouvelles-rencontres-fel\/\" \/>\n<meta property=\"og:site_name\" content=\"Film en Languedoc Occitanie\" \/>\n<meta property=\"article:modified_time\" content=\"2026-03-10T07:18:56+00:00\" \/>\n<meta name=\"twitter:card\" content=\"summary_large_image\" \/>\n<script type=\"application\/ld+json\" class=\"yoast-schema-graph\">{\"@context\":\"https:\/\/schema.org\",\"@graph\":[{\"@type\":\"WebPage\",\"@id\":\"https:\/\/filmenlanguedoc.com\/index.php\/events\/nouvelle-annee-nouvelles-rencontres-fel\/\",\"url\":\"https:\/\/filmenlanguedoc.com\/index.php\/events\/nouvelle-annee-nouvelles-rencontres-fel\/\",\"name\":\"Nouvelle ann\u00e9e, nouvelles rencontres FEL - Film en Languedoc Occitanie\",\"isPartOf\":{\"@id\":\"https:\/\/filmenlanguedoc.com\/#website\"},\"datePublished\":\"2026-03-10T07:18:54+00:00\",\"dateModified\":\"2026-03-10T07:18:56+00:00\",\"breadcrumb\":{\"@id\":\"https:\/\/filmenlanguedoc.com\/index.php\/events\/nouvelle-annee-nouvelles-rencontres-fel\/#breadcrumb\"},\"inLanguage\":\"fr-FR\",\"potentialAction\":[{\"@type\":\"ReadAction\",\"target\":[\"https:\/\/filmenlanguedoc.com\/index.php\/events\/nouvelle-annee-nouvelles-rencontres-fel\/\"]}]},{\"@type\":\"BreadcrumbList\",\"@id\":\"https:\/\/filmenlanguedoc.com\/index.php\/events\/nouvelle-annee-nouvelles-rencontres-fel\/#breadcrumb\",\"itemListElement\":[{\"@type\":\"ListItem\",\"position\":1,\"name\":\"Accueil\",\"item\":\"https:\/\/filmenlanguedoc.com\/\"},{\"@type\":\"ListItem\",\"position\":2,\"name\":\"Events\",\"item\":\"https:\/\/filmenlanguedoc.com\/index.php\/events\/\"},{\"@type\":\"ListItem\",\"position\":3,\"name\":\"Nouvelle ann\u00e9e, nouvelles rencontres FEL\"}]},{\"@type\":\"WebSite\",\"@id\":\"https:\/\/filmenlanguedoc.com\/#website\",\"url\":\"https:\/\/filmenlanguedoc.com\/\",\"name\":\"Film en Languedoc Occitanie\",\"description\":\"Film en Languedoc Occitanie est une association de techniciens, ouvriers et r\u00e9alisateurs du cin\u00e9ma et de l\u2019audiovisuel. Elle est n\u00e9e en 2011 du d\u00e9sir de partager notre passion commune.\",\"publisher\":{\"@id\":\"https:\/\/filmenlanguedoc.com\/#organization\"},\"potentialAction\":[{\"@type\":\"SearchAction\",\"target\":{\"@type\":\"EntryPoint\",\"urlTemplate\":\"https:\/\/filmenlanguedoc.com\/?s={search_term_string}\"},\"query-input\":{\"@type\":\"PropertyValueSpecification\",\"valueRequired\":true,\"valueName\":\"search_term_string\"}}],\"inLanguage\":\"fr-FR\"},{\"@type\":\"Organization\",\"@id\":\"https:\/\/filmenlanguedoc.com\/#organization\",\"name\":\"Film en Languedoc Occitanie\",\"url\":\"https:\/\/filmenlanguedoc.com\/\",\"logo\":{\"@type\":\"ImageObject\",\"inLanguage\":\"fr-FR\",\"@id\":\"https:\/\/filmenlanguedoc.com\/#\/schema\/logo\/image\/\",\"url\":\"https:\/\/i0.wp.com\/filmenlanguedoc.com\/wp-content\/uploads\/2020\/04\/logotype-film-en-languedoc-occitanie-verticale-violet.png?fit=1080%2C1080&ssl=1\",\"contentUrl\":\"https:\/\/i0.wp.com\/filmenlanguedoc.com\/wp-content\/uploads\/2020\/04\/logotype-film-en-languedoc-occitanie-verticale-violet.png?fit=1080%2C1080&ssl=1\",\"width\":1080,\"height\":1080,\"caption\":\"Film en Languedoc Occitanie\"},\"image\":{\"@id\":\"https:\/\/filmenlanguedoc.com\/#\/schema\/logo\/image\/\"}}]}<\/script>\n<!-- \/ Yoast SEO plugin. -->","yoast_head_json":{"title":"Nouvelle ann\u00e9e, nouvelles rencontres FEL - Film en Languedoc Occitanie","robots":{"index":"index","follow":"follow","max-snippet":"max-snippet:-1","max-image-preview":"max-image-preview:large","max-video-preview":"max-video-preview:-1"},"canonical":"https:\/\/filmenlanguedoc.com\/index.php\/events\/nouvelle-annee-nouvelles-rencontres-fel\/","og_locale":"fr_FR","og_type":"article","og_title":"Nouvelle ann\u00e9e, nouvelles rencontres FEL - Film en Languedoc Occitanie","og_description":"Cette ann\u00e9e, nous lan\u00e7ons une s\u00e9rie de rencontres mensuelles afin de favoriser les \u00e9changes entre les professionnels du r\u00e9seau, dans un lieu d\u00e9di\u00e9. Ces rendez-vous seront des moments conviviaux pour se retrouver entre technicien\u00b7nes et professionnel\u00b7les de l\u2019audiovisuel, \u00e9changer autour de nos m\u00e9tiers, partager nos exp\u00e9riences et mieux accueillir les nouveaux adh\u00e9rents au sein du [&hellip;]","og_url":"https:\/\/filmenlanguedoc.com\/index.php\/events\/nouvelle-annee-nouvelles-rencontres-fel\/","og_site_name":"Film en Languedoc Occitanie","article_modified_time":"2026-03-10T07:18:56+00:00","twitter_card":"summary_large_image","schema":{"@context":"https:\/\/schema.org","@graph":[{"@type":"WebPage","@id":"https:\/\/filmenlanguedoc.com\/index.php\/events\/nouvelle-annee-nouvelles-rencontres-fel\/","url":"https:\/\/filmenlanguedoc.com\/index.php\/events\/nouvelle-annee-nouvelles-rencontres-fel\/","name":"Nouvelle ann\u00e9e, nouvelles rencontres FEL - Film en Languedoc Occitanie","isPartOf":{"@id":"https:\/\/filmenlanguedoc.com\/#website"},"datePublished":"2026-03-10T07:18:54+00:00","dateModified":"2026-03-10T07:18:56+00:00","breadcrumb":{"@id":"https:\/\/filmenlanguedoc.com\/index.php\/events\/nouvelle-annee-nouvelles-rencontres-fel\/#breadcrumb"},"inLanguage":"fr-FR","potentialAction":[{"@type":"ReadAction","target":["https:\/\/filmenlanguedoc.com\/index.php\/events\/nouvelle-annee-nouvelles-rencontres-fel\/"]}]},{"@type":"BreadcrumbList","@id":"https:\/\/filmenlanguedoc.com\/index.php\/events\/nouvelle-annee-nouvelles-rencontres-fel\/#breadcrumb","itemListElement":[{"@type":"ListItem","position":1,"name":"Accueil","item":"https:\/\/filmenlanguedoc.com\/"},{"@type":"ListItem","position":2,"name":"Events","item":"https:\/\/filmenlanguedoc.com\/index.php\/events\/"},{"@type":"ListItem","position":3,"name":"Nouvelle ann\u00e9e, nouvelles rencontres FEL"}]},{"@type":"WebSite","@id":"https:\/\/filmenlanguedoc.com\/#website","url":"https:\/\/filmenlanguedoc.com\/","name":"Film en Languedoc Occitanie","description":"Film en Languedoc Occitanie est une association de techniciens, ouvriers et r\u00e9alisateurs du cin\u00e9ma et de l\u2019audiovisuel. Elle est n\u00e9e en 2011 du d\u00e9sir de partager notre passion commune.","publisher":{"@id":"https:\/\/filmenlanguedoc.com\/#organization"},"potentialAction":[{"@type":"SearchAction","target":{"@type":"EntryPoint","urlTemplate":"https:\/\/filmenlanguedoc.com\/?s={search_term_string}"},"query-input":{"@type":"PropertyValueSpecification","valueRequired":true,"valueName":"search_term_string"}}],"inLanguage":"fr-FR"},{"@type":"Organization","@id":"https:\/\/filmenlanguedoc.com\/#organization","name":"Film en Languedoc Occitanie","url":"https:\/\/filmenlanguedoc.com\/","logo":{"@type":"ImageObject","inLanguage":"fr-FR","@id":"https:\/\/filmenlanguedoc.com\/#\/schema\/logo\/image\/","url":"https:\/\/i0.wp.com\/filmenlanguedoc.com\/wp-content\/uploads\/2020\/04\/logotype-film-en-languedoc-occitanie-verticale-violet.png?fit=1080%2C1080&ssl=1","contentUrl":"https:\/\/i0.wp.com\/filmenlanguedoc.com\/wp-content\/uploads\/2020\/04\/logotype-film-en-languedoc-occitanie-verticale-violet.png?fit=1080%2C1080&ssl=1","width":1080,"height":1080,"caption":"Film en Languedoc Occitanie"},"image":{"@id":"https:\/\/filmenlanguedoc.com\/#\/schema\/logo\/image\/"}}]}},"jetpack_sharing_enabled":true,"_links":{"self":[{"href":"https:\/\/filmenlanguedoc.com\/index.php\/wp-json\/wp\/v2\/mec-events\/7253","targetHints":{"allow":["GET"]}}],"collection":[{"href":"https:\/\/filmenlanguedoc.com\/index.php\/wp-json\/wp\/v2\/mec-events"}],"about":[{"href":"https:\/\/filmenlanguedoc.com\/index.php\/wp-json\/wp\/v2\/types\/mec-events"}],"author":[{"embeddable":true,"href":"https:\/\/filmenlanguedoc.com\/index.php\/wp-json\/wp\/v2\/users\/2"}],"replies":[{"embeddable":true,"href":"https:\/\/filmenlanguedoc.com\/index.php\/wp-json\/wp\/v2\/comments?post=7253"}],"wp:attachment":[{"href":"https:\/\/filmenlanguedoc.com\/index.php\/wp-json\/wp\/v2\/media?parent=7253"}],"wp:term":[{"taxonomy":"post_tag","embeddable":true,"href":"https:\/\/filmenlanguedoc.com\/index.php\/wp-json\/wp\/v2\/tags?post=7253"},{"taxonomy":"mec_category","embeddable":true,"href":"https:\/\/filmenlanguedoc.com\/index.php\/wp-json\/wp\/v2\/mec_category?post=7253"}],"curies":[{"name":"wp","href":"https:\/\/api.w.org\/{rel}","templated":true}]}}

Nouvelle année, nouvelles rencontres FEL

<p>Cette année, nous lançons une série de rencontres mensuelles afin de favoriser les échanges entre les professionnels du réseau, dans un lieu dédié.</p>



<p>Ces rendez-vous seront des moments conviviaux pour se retrouver entre technicien·nes et professionnel·les de l’audiovisuel, échanger autour de nos métiers, partager nos expériences et mieux accueillir les nouveaux adhérents au sein du réseau.</p>



<p>À partir du mois d’avril, nous proposerons également, pour la première fois, des tables rondes autour des différents métiers de l’audiovisuel, ainsi que des temps d’échange et d’information sur le statut de l’intermittence.</p>



<p>La première rencontre aura lieu :</p>



<p>📍 La Gerbe – Montpellier</p>



<p>📅 Lundi 16 mars</p>



<p>🕖 De 19h à 22h</p>



<p>Nous espérons vous y voir nombreux pour ce moment d’échange et de convivialité.</p>

<p>Cette année, nous lançons une série de rencontres mensuelles afin de favoriser les échanges entre les professionnels du réseau, dans un lieu dédié. Ces rendez-vous seront des moments conviviaux pour se retrouver entre technicien·nes et professionnel·les de l’audiovisuel, échanger autour de nos métiers, partager nos expériences et mieux accueillir les nouveaux adhérents au sein du [&hellip;]</p>

<!-- This site is optimized with the Yoast SEO plugin v26.9 - https://yoast.com/product/yoast-seo-wordpress/ -->
<title>Nouvelle année, nouvelles rencontres FEL - Film en Languedoc Occitanie</title>
<meta name="robots" content="index, follow, max-snippet:-1, max-image-preview:large, max-video-preview:-1" />
<link rel="canonical" href="https://filmenlanguedoc.com/index.php/events/nouvelle-annee-nouvelles-rencontres-fel/" />
<meta property="og:locale" content="fr_FR" />
<meta property="og:type" content="article" />
<meta property="og:title" content="Nouvelle année, nouvelles rencontres FEL - Film en Languedoc Occitanie" />
<meta property="og:description" content="Cette année, nous lançons une série de rencontres mensuelles afin de favoriser les échanges entre les professionnels du réseau, dans un lieu dédié. Ces rendez-vous seront des moments conviviaux pour se retrouver entre technicien·nes et professionnel·les de l’audiovisuel, échanger autour de nos métiers, partager nos expériences et mieux accueillir les nouveaux adhérents au sein du [&hellip;]" />
<meta property="og:url" content="https://filmenlanguedoc.com/index.php/events/nouvelle-annee-nouvelles-rencontres-fel/" />
<meta property="og:site_name" content="Film en Languedoc Occitanie" />
<meta property="article:modified_time" content="2026-03-10T07:18:56+00:00" />
<meta name="twitter:card" content="summary_large_image" />
<script type="application/ld+json" class="yoast-schema-graph">{"@context":"https://schema.org","@graph":[{"@type":"WebPage","@id":"https://filmenlanguedoc.com/index.php/events/nouvelle-annee-nouvelles-rencontres-fel/","url":"https://filmenlanguedoc.com/index.php/events/nouvelle-annee-nouvelles-rencontres-fel/","name":"Nouvelle année, nouvelles rencontres FEL - Film en Languedoc Occitanie","isPartOf":{"@id":"https://filmenlanguedoc.com/#website"},"datePublished":"2026-03-10T07:18:54+00:00","dateModified":"2026-03-10T07:18:56+00:00","breadcrumb":{"@id":"https://filmenlanguedoc.com/index.php/events/nouvelle-annee-nouvelles-rencontres-fel/#breadcrumb"},"inLanguage":"fr-FR","potentialAction":[{"@type":"ReadAction","target":["https://filmenlanguedoc.com/index.php/events/nouvelle-annee-nouvelles-rencontres-fel/"]}]},{"@type":"BreadcrumbList","@id":"https://filmenlanguedoc.com/index.php/events/nouvelle-annee-nouvelles-rencontres-fel/#breadcrumb","itemListElement":[{"@type":"ListItem","position":1,"name":"Accueil","item":"https://filmenlanguedoc.com/"},{"@type":"ListItem","position":2,"name":"Events","item":"https://filmenlanguedoc.com/index.php/events/"},{"@type":"ListItem","position":3,"name":"Nouvelle année, nouvelles rencontres FEL"}]},{"@type":"WebSite","@id":"https://filmenlanguedoc.com/#website","url":"https://filmenlanguedoc.com/","name":"Film en Languedoc Occitanie","description":"Film en Languedoc Occitanie est une association de techniciens, ouvriers et réalisateurs du cinéma et de l’audiovisuel. Elle est née en 2011 du désir de partager notre passion commune.","publisher":{"@id":"https://filmenlanguedoc.com/#organization"},"potentialAction":[{"@type":"SearchAction","target":{"@type":"EntryPoint","urlTemplate":"https://filmenlanguedoc.com/?s={search_term_string}"},"query-input":{"@type":"PropertyValueSpecification","valueRequired":true,"valueName":"search_term_string"}}],"inLanguage":"fr-FR"},{"@type":"Organization","@id":"https://filmenlanguedoc.com/#organization","name":"Film en Languedoc Occitanie","url":"https://filmenlanguedoc.com/","logo":{"@type":"ImageObject","inLanguage":"fr-FR","@id":"https://filmenlanguedoc.com/#/schema/logo/image/","url":"https://i0.wp.com/filmenlanguedoc.com/wp-content/uploads/2020/04/logotype-film-en-languedoc-occitanie-verticale-violet.png?fit=1080%2C1080&ssl=1","contentUrl":"https://i0.wp.com/filmenlanguedoc.com/wp-content/uploads/2020/04/logotype-film-en-languedoc-occitanie-verticale-violet.png?fit=1080%2C1080&ssl=1","width":1080,"height":1080,"caption":"Film en Languedoc Occitanie"},"image":{"@id":"https://filmenlanguedoc.com/#/schema/logo/image/"}}]}</script>
<!-- / Yoast SEO plugin. -->

Nouvelle année, nouvelles rencontres FEL - Film en Languedoc Occitanie

Cette année, nous lançons une série de rencontres mensuelles afin de favoriser les échanges entre les professionnels du réseau, dans un lieu dédié. Ces rendez-vous seront des moments conviviaux pour se retrouver entre technicien·nes et professionnel·les de l’audiovisuel, échanger autour de nos métiers, partager nos expériences et mieux accueillir les nouveaux adhérents au sein du [&hellip;]

Film en Languedoc Occitanie est une association de techniciens, ouvriers et réalisateurs du cinéma et de l’audiovisuel. Elle est née en 2011 du désir de partager notre passion commune.
